2 + 464*s - 495. Calculate v(-103).
4758
Let p(q) = 25462*q - 509224. What is p(20)?
16
Let v(d) = 2829*d + 10115. What is v(-4)?
-1201
Let o(b) = 6*b**3 - 16*b**2 + 72*b - 453. What is o(4)?
-37
Let g(t) = -2*t**3 + 208*t**2 - 3952*t + 422. Determine g(79).
264
Let g(c) = -2153*c + 357417. Give g(166).
19
Let d(i) = -80*i**2 + 4094*i - 695. What is d(51)?
19
Let r(d) = 8*d**2 - 1168*d + 9115. What is r(138)?
283
Let r(l) = -28*l**2 - 660*l - 3387. Determine r(-16).
5
Let z(m) = -84*m - 8298. Determine z(-100).
102
Let h(u) = -894*u**2 - 14*u + 14. What is h(1)?
-894
Let m(c) = -344*c - 16091. Give m(-47).
77
Let w(f) = 13*f**2 + 852*f + 8517. Determine w(-10).
1297
Let c(a) = -2*a**2 - 166*a + 4759. Calculate c(-105).
139
Let q(u) = -2*u**2 - 447*u + 43329. Give q(73).
40
Let n(v) = -v**3 + 14*v**2 + 275*v - 3023. Give n(11).
365
Let m(g) = 157*g - 8242. What is m(56)?
550
Let v(c) = -3550*c - 28733. Calculate v(-8).
-333
Let c(y) = -11*y**2 + 1337*y - 5811. Give c(117).
39
Let x(h) = -223*h + 28540. Give x(128).
-4
Let x(m) = 34*m**3 + 14*m**2 + 41*m + 14. Calculate x(-4).
-2102
Let k(a) = -958*a**2 - 3733*a + 395. Calculate k(-4).
-1
Let d(j) = -15850*j - 3550384. Calculate d(-224).
16
Let m(k) = -20714*k + 14292654. Calculate m(690).
-6
Let w(p) = -9*p**2 + 759*p + 24598. Give w(-25).
-2
Let q(a) = a**2 + 65*a - 40779. Determine q(172).
-15
Let q(j) = -22*j**2 - 72*j - 34. Calculate q(0).
-34
Let j(h) = 191*h**3 + 8*h**2 + 1538*h + 1537. Calculate j(-1).
-184
Let t(l) = 673*l + 1905. Calculate t(-3).
-114
Let b(z) = 228*z**2 - 750*z - 72. Determine b(5).
1878
Let o(g) = -7*g**2 - 12420*g + 124979. Determine o(10).
79
Let a(z) = z**3 - 65*z**2 + 8*z - 505. What is a(65)?
15
Let b(c) = -204787*c - 409594. Give b(-2).
-20
Let c(f) = -33*f + 2136. Give c(25).
1311
Let n(m) = -142310*m - 13092518. Determine n(-92).
2
Let x(y) = 98*y**2 - 3619*y + 36. Determine x(37).
295
Let q(v) = -5*v**3 + 29*v**2 + 16*v - 16. What is q(6)?
44
Let h(c) = -60*c - 3676. What is h(-59)?
-136
Let o(u) = 11*u**2 - 43*u + 154. Calculate o(4).
158
Let w(s) = 64*s**2 - 17035*s + 2924. Give w(266).
-2
Let z(r) = 202*r**2 - 65*r - 42. Determine z(-3).
1971
Let k(z) = -56*z**2 + 3078*z + 6162. Determine k(-2).
-218
Let v(y) = 6*y**3 - 14*y**2 - 42906*y + 85821. What is v(2)?
1
Let w(t) = 3930*t - 70724. Give w(18).
16
Let b(p) = -3*p**3 - 140*p**2 + 832*p + 19. Calculate b(-52).
19
Let c(j) = -j**2 - 10531*j - 19067176. Calculate c(-2323).
8
Let y(q) = -1700150*q - 23802094. Give y(-14).
6
Let r(j) = -8*j**3 + 61*j**2 + 35*j - 51. Determine r(8).
37
Let o(m) = -711*m**2 + 2124*m - 20. Determine o(2).
1384
Let j(l) = -3547*l + 56724. Calculate j(16).
-28
Let s(d) = 3*d**3 - 258*d**2 - 13*d + 1986. Determine s(86).
868
Let n(a) = -3*a**3 + 245*a**2 + 67*a + 180. Calculate n(82).
-1050
Let s(h) = h**3 + 380*h**2 + 2553*h - 21612. What is s(-373)?
22
Let h(t) = -6*t**2 + 4323*t + 13041. Give h(-3).
18
Let j(o) = 277*o + 17797. Determine j(-56).
2285
Let x(s) = -76785*s + 76770. Calculate x(1).
-15
Let h(w) = -16956*w - 5561571. Determine h(-328).
-3
Let r(s) = -351*s**2 - 27385*s - 214. Calculate r(-78).
332
Let n(r) = 3*r**2 + 161*r + 324. Calculate n(-46).
-734
Let n(l) = -l**3 + 14*l**2 - 292*l + 4475. What is n(14)?
387
Let r(p) = 271*p**2 + 3656*p + 10245. Calculate r(-4).
-43
Let i(c) = c**2 - 424*c - 1653. What is i(-4)?
59
Let o(r) = -2*r**3 - r**2 + 95*r - 768. What is o(9)?
-1452
Let o(t) = 16025*t - 1538407. Calculate o(96).
-7
Let z(y) = -22*y**3 - 548*y**2 + 50*y - 8. Give z(-25).
-8
Let y(x) = x**3 - 15*x**2 - 3714*x - 690. What is y(69)?
138
Let d(z) = -2159*z - 755612. Determine d(-350).
38
Let z(j) = -128*j - 2728. Determine z(-18).
-424
Let g(z) = -847*z**2 - 2053*z + 3. Determine g(-3).
-1461
Let k(x) = 28*x**3 - 197*x**2 + 29*x + 53. What is k(7)?
207
Let g(v) = 3*v - 352. What is g(92)?
-76
Let j(w) = w**3 + 21*w**2 + 59*w + 1376. Determine j(-24).
-1768
Let c(x) = -10*x**3 - 42*x**2 + 14*x + 51. Give c(-7).
1325
Let u(q) = 77810*q - 777976. Give u(10).
124
Let p(j) = -j**3 - 1528*j**2 + 43569*j + 1581. Determine p(-1556).
25
Let j(b) = 2*b**2 + 1071*b - 88502. Calculate j(73).
339
Let j(d) = 6*d**3 - 201*d**2 - 311*d - 139. What is j(35)?
1
Let k(r) = -406*r - 25873. Give k(-64).
111
Let x(b) = -b**3 + 49*b**2 + 1759*b - 648. What is x(73)?
-137
Let s(b) = -b**3 - 257*b**2 + 255*b - 731. Calculate s(-258).
43
Let q(x) = -215*x + 2156. Give q(24).
-3004
Let u(l) = 2*l**3 - 14*l**2 - 46*l + 189. Give u(9).
99
Let g(x) = -44214*x - 132688. Determine g(-3).
-46
Let b(d) = -4*d**3 + 8*d**2 - 119*d - 778. Determine b(-5).
517
Let j(w) = -302*w**3 + 134*w**2 - 129*w - 4. Give j(1).
-301
Let n(b) = -5573*b + 646454. What is n(116)?
-14
Let f(t) = -t**2 - 47*t + 186. Calculate f(5).
-74
Let w(h) = -3*h**2 + 4555*h - 1410490. Calculate w(1085).
10
Let a(r) = 1944*r + 17347. What is a(-9)?
-149
Let b(l) = l**3 - 40*l**2 - 186*l + 7664. Determine b(40).
224
Let t(b) = 27853*b - 139628. Determine t(5).
-363
Let o(l) = -l**3 - 14*l**2 - 528*l - 9084. Determine o(-16).
-124
Let k(m) = m**3 + 7*m**2 - 3*m - 2372. What is k(0)?
-2372
Let h(o) = 8233*o + 1029134. What is h(-125)?
9
Let w(b) = -23733*b + 118587. Give w(5).
-78
Let j(d) = 443*d**2 + 10186*d - 98. Determine j(-23).
-29
Let r(p) = -11127*p + 2191988. What is r(197)?
-31
Let a(h) = h**3 + 190*h**2 + 799*h + 10280. What is a(-186)?
50
Let a(g) = 2103*g - 14637. Determine a(7).
84
Let q(v) = 138*v + 1369. Determine q(-23).
-1805
Let q(s) = 105*s**2 + 1622*s - 159. What is q(-15)?
-864
Let h(y) = y**2 - 71*y - 2143. Determine h(101).
887
Let b(m) = 2*m**2 - 317*m + 4629. Determine b(15).
324
Let z(x) = 8*x**2 + 17*x - 1646. Give z(28).
5102
Let k(y) = -2*y**2 - 323*y - 13638. Determine k(-90).
-768
Let x(h) = 121889*h - 975095. Calculate x(8).
17
Let f(s) = 2206*s + 39582. Give f(-18).
-126
Let b(x) = 16*x**2 - 1955*x - 3914. Give b(-2).
60
Let v(j) = -3*j**3 - 13*j**2 + 225*j - 122. Give v(-13).
1347
Let n(o) = -328*o + 10163. Give n(31).
-5
Let g(w) = w**3 + 653*w**2 + 15099*w + 89. What is g(-24)?
17
Let q(n) = -1085*n - 585932. Calculate q(-540).
-32
Let o(b) = b**2 + 62*b - 3090. Calculate o(-95).
45
Let m(i) = 1263*i**2 + 2526*i - 13. Calculate m(-2).
-13
Let b(u) = 762*u**3 - 24*u**2 + 15*u + 8. Calculate b(1).
761
Let d(j) = -75*j**2 + 465*j - 27. Determine d(11).
-3987
Let d(t) = 32050*t + 65586. Calculate d(-2).
1486
Let s(v) = -2050*v + 180771. Give s(89).
-1679
Let j(d) = 7*d**3 + 60*d**2 + 86*d - 7. Determine j(-7).
-70
Let u(h) = 2570263*h - 15421575. Give u(6).
3
Let u(i) = 16*i**2 - 995*i + 4577. Calculate u(5).
2
Let z(p) = -p**3 - 1057*p**2 + 4233*p - 11660. Calculate z(-1061).
11
Let k(s) = -s**3 + s**2 + 373*s + 1088. Calculate k(-3).
5
Let a(y) = -64*y**2 - 841*y - 12. Determine a(-10).
1998
Let s(f) = -37448*f - 224038. What is s(-6)?
650
Let g(i) = -3*i**3 + 14*i**2 + 274*i - 1149. Give g(4).
-21
Let x(n) = -n**2 + 568*n - 18559. Determine x(36).
593
Let d(k) = -5*k**3 + 254*k**2 - 201*k + 155. Determine d(50).
105
Let n(u) = -u**3 - 21*u**2 - 52*u + 41. What is n(-17)?
-231
Let a(h) = 69*h**2 + 1496*h - 484. What is a(-22)?
0
Let r(x) = 5305*x + 21791. Give r(-4).
571
Let z(h) = -2*h**2 - 482*h + 109671. Give z(143).
-153
Let t(p) = 8*p**3 + 801*p**2 + 66*p - 929. Calculate t(-100).
2471
Let s(m) = -m**3 - 173*m**2 + 527*m - 184. Give s(-176).
-8
Let i(h) = 2*h**3 - 132*h**2 - 680*h - 2131. Determine i(71).
-1
Let y(h) = 2*h**3 - 2*h**2 - 57*h + 20. Calculate y(-5).
5
Let c(d) = -736*d + 3490. Calculate c(6).
-926
Let c(v) = -4*v**3 - 271*v**2 + 2197*v + 144780. What is c(-68)?
8
Let v(c) = 31*c**3 + 12339*c**2 + 392*c - 2527. What is v(-398)?
-139
Let k(d) = 36004*d + 144058. Give k(-4).
42
Let s(l) = -7151*l + 86098. Determine s(12).
286
Let h(k) = 28175*k + 309904. What is h(-11)?
-21
Let o(q) = 2439*q - 41510. Give o(17).
-47
Let y(p) = -16*p**2 - 52*p + 315. Determine y(3).
15
Let i(p) = p**2 - 6106*p - 240033. Give i(-39).
-378
Let w(h) = 5485*h + 718350. Give w(-131).
-185
Let w(m) = m**3 - 978*m**2 - 33389*m - 880. Give w(-33).
-22
Let i(g) = -208*g**2 - 1064*g - 82. Calculate i(-6).
-1186
Let g(d) = -2023*d + 8511. Calculate g(4).
419
Let x(s) = 64*s**2 + 1231*s - 3733. Det